y 501?
44
Calculate the remainder when 22630 is divided by 867.
88
What is the remainder when 75311 is divided by 58?
27
Calculate the remainder when 168302 is divided by 105.
92
Calculate the remainder when 25001 is divided by 15.
11
Calculate the remainder when 57672 is divided by 19200.
72
What is the remainder when 8857 is divided by 96?
25
What is the remainder when 17453 is divided by 7427?
2599
Calculate the remainder when 18214 is divided by 4553.
2
What is the remainder when 18860 is divided by 4?
0
What is the remainder when 39093 is divided by 461?
369
Calculate the remainder when 279601 is divided by 19.
16
Calculate the remainder when 24049 is divided by 1610.
1509
Calculate the remainder when 496350 is divided by 429.
426
Calculate the remainder when 1000 is divided by 985.
15
What is the remainder when 1806803 is divided by 247?
245
Calculate the remainder when 19010 is divided by 9500.
10
Calculate the remainder when 14032 is divided by 28.
4
What is the remainder when 14180 is divided by 21?
5
What is the remainder when 399 is divided by 125?
24
Calculate the remainder when 50217 is divided by 465.
462
What is the remainder when 9434 is divided by 1565?
44
What is the remainder when 985 is divided by 21?
19
Calculate the remainder when 1603 is divided by 285.
178
Calculate the remainder when 7616 is divided by 58.
18
Calculate the remainder when 240528 is divided by 134.
132
What is the remainder when 14682 is divided by 207?
192
What is the remainder when 149341 is divided by 11?
5
Calculate the remainder when 3541 is divided by 1752.
37
What is the remainder when 44152 is divided by 2940?
52
What is the remainder when 1190329 is divided by 286?
283
Calculate the remainder when 2866 is divided by 670.
186
What is the remainder when 40863 is divided by 214?
203
Calculate the remainder when 14550 is divided by 41.
36
Calculate the remainder when 9674 is divided by 23.
14
What is the remainder when 1880 is divided by 1360?
520
What is the remainder when 3899445 is divided by 6?
3
Calculate the remainder when 17110 is divided by 184.
182
Calculate the remainder when 3878 is divided by 3854.
24
Calculate the remainder when 51347 is divided by 14.
9
Calculate the remainder when 6775 is divided by 39.
28
Calculate the remainder when 1085181 is divided by 18.
15
Calculate the remainder when 1976253 is divided by 329373.
15
What is the remainder when 4978079 is divided by 120?
119
What is the remainder when 376273 is divided by 19?
16
What is the remainder when 97842 is divided by 108?
102
What is the remainder when 1121 is divided by 747?
374
Calculate the remainder when 35317 is divided by 101.
68
What is the remainder when 203189 is divided by 8?
5
What is the remainder when 16221 is divided by 48?
45
Calculate the remainder when 442744 is divided by 17.
13
Calculate the remainder when 73315 is divided by 467.
463
What is the remainder when 5441 is divided by 2720?
1
Calculate the remainder when 172093 is divided by 133.
124
What is the remainder when 1512 is divided by 18?
0
Calculate the remainder when 10540 is divided by 1238.
636
Calculate the remainder when 13649 is divided by 441.
419
What is the remainder when 4248 is divided by 1059?
12
Calculate the remainder when 387501 is divided by 552.
549
Calculate the remainder when 11235 is divided by 91.
42
Calculate the remainder when 1888 is divided by 325.
263
What is the remainder when 3642 is divided by 3633?
9
Calculate the remainder when 17529 is divided by 501.
495
What is the remainder when 11060 is divided by 98?
84
What is the remainder when 1673 is divided by 1665?
8
What is the remainder when 1316773 is divided by 181?
179
Calculate the remainder when 85204 is divided by 139.
136
What is the remainder when 77745 is divided by 25914?
3
Calculate the remainder when 5105 is divided by 565.
20
Calculate the remainder when 4834 is divided by 323.
312
What is the remainder when 696 is divided by 346?
4
Calculate the remainder when 216993 is divided by 12.
9
Calculate the remainder when 103498 is divided by 25873.
6
Calculate the remainder when 36080 is divided by 35.
30
What is the remainder when 72494 is divided by 160?
14
Calculate the remainder when 7121 is divided by 1067.
719
What is the remainder when 1165 is divided by 1047?
118
What is the remainder when 4458 is divided by 1454?
96
Calculate the remainder when 84702 is divided by 28215.
57
Calculate the remainder when 34153 is divided by 30.
13
Calculate the remainder when 763387 is divided by 192.
187
What is the remainder when 39783 is divided by 173?
166
What is the remainder when 1562434 is divided by 276?
274
What is the remainder when 5716 is divided by 88?
84
What is the remainder when 2490199 is divided by 286?
283
Calculate the remainder when 130150 is divided by 29.
27
What is the remainder when 1439 is divided by 370?
329
What is the remainder when 772351 is divided by 135?
16
Calculate the remainder when 1701 is divided by 57.
48
What is the remainder when 19502 is divided by 132?
98
What is the remainder when 40726 is divided by 241?
238
Calculate the remainder when 960359 is divided by 228.
23
What is the remainder when 4386 is divided by 100?
86
What is the remainder when 148989 is divided by 10?
9
Calculate the remainder when 782196 is divided by 20.
16
Calculate the remainder when 5748 is divided by 882.
456
What is the remainder when 186835 is divided by 418?
407
What is the remainder when 1502913 is divided by 99?
93
What is the remainder when 2930 is divided by 363?
26
Calculate the remainder when 1319 is divided by 729.
590
What is the remainder when 9072 is divided by 234?
180
Calculate the remainder when 10553 is divided by 334.
199
Calculate the remainder when 45355 is divided by 126.
121
Calculate the remainder when 217218 is divided by 82.
0
What is the remainder when 512427 is divided by 1767?
1764
What is the remainder when 4278542 is divided by 29?
27
What is the remainder when 27810 is divided by 4635?
0
Calculate the remainder when 18687 is divided by 9329.
29
What is the remainder when 483 is divided by 166?
151
Calculate the remainder when 28070 is divided by 3.
2
What is the remainder when 1241 is divided by 119?
51
Calculate the remainder when 1934 is divided by 85.
64
Calculate the remainder when 4501 is divided by 679.
427
Calculate the remainder when 2161663 is divided by 16.
15
Calculate the remainder when 160934 is divided by 1712.
6
Calculate the remainder when 26121 is divided by 2607.
51
What is the remainder when 1283 is divided by 263?
231
What is the remainder when 95341 is divided by 494?
493
Calculate the remainder when 2648 is divided by 2551.
97
Calculate the remainder when 1732 is divided by 738.
256
Calculate the remainder when 5287 is divided by 1760.
7
What is the remainder when 8098 is divided by 45?
43
What is the remainder when 8311 is divided by 63?
58
Calculate the remainder when 47268 is divided by 21.
18
What is the remainder when 4544 is divided by 1979?
586
Calculate the remainder when 14939 is divided by 166.
165
Calculate the remainder when 136804 is divided by 26.
18
Calculate the remainder when 6744610 is divided by 483.
481
Calculate the remainder when 8812 is divided by 245.
237
Calculate the remainder when 1876801 is divided by 1360.
1
Calculate the remainder when 573498 is divided by 310.
308
Calculate the remainder when 42311 is divided by 2350.
11
What is the remainder when 1372 is divided by 447?
31
What is the remainder when 17878 is divided by 2978?
10
Calculate the remainder when 107108 is divided by 13.
1
What is the remainder when 51706 is divided by 67?
49
What is the remainder when 90066 is divided by 36?
30
What is the remainder when 61483 is divided by 14?
9
Calculate the remainder when 36638 is divided by 18317.
4
What is the remainder when 76681 is divided by 12779?
7
Calculate the remainder when 4008 is divided by 22.
4
What is the remainder when 662856 is divided by 22?
18
What is the remainder when 27447 is divided by 572?
563
Calculate the remainder when 190069 is divided by 1474.
1397
Calculate the remainder when 918 is divided by 131.
1
What is the remainder when 1471 is divided by 7?
1
Calculate the remainder when 149720 